2, 7
Suppose 0 = -2*o - 4*w + 8, 2*w = -4*o + 11 - 1. Let c(d) = 2*d**2 + d**3 + d**2 - d**2 - 3*d**2. List the prime factors of c(o).
2
Suppose -3*f - 4 + 1 = 0. What are the prime factors of (-25 - f)*1/(-3)?
2
Let a = 1 - -11. List the prime factors of a.
2, 3
Let b = 164 + -87. List the prime factors of b.
7, 11
Let l(y) = -y**3 - y**2 + 5*y + 2. Let n be l(-3). Suppose -g + n*k - 107 = -3*g, 5*g + k = 256. What are the prime factors of g?
3, 17
Let z(h) = h**3 - h**2 + 1. Let f be z(1). Let d = f + 2. Suppose -3*t + 18 = 3*b, d*b - 18 = -4*t + 6*t. What are the prime factors of b?
2, 3
Let r(d) = d**2 - 2*d - 1. Let i be r(3). Suppose 4*m = -5 - 11, -3*l + 14 = -i*m. Suppose -l*j = j - 15. What are the prime factors of j?
5
Suppose -5*w + 161 = 3*l, -3*l - 77 = w - 3*w. What are the prime factors of w?
2, 17
Suppose 0*b + 5*b - 4*w = 19, -5*w = 5. Suppose 3*l + 0*d - 4*d = 34, l + 6 = -b*d. Let c = 7 + l. List the prime factors of c.
13
Let s(w) = w**2 - 4*w + 3. Let l be s(4). Let y(i) = -i**2 + 3*i + 4. Let f be y(l). Let j = 11 - f. What are the prime factors of j?
7
Suppose 0 = v - 2 + 7. Let c be 15 - (-3 - v)/2. Suppose 0 = -4*q + c + 6. What are the prime factors of q?
5
Let z(j) = j - 3. Let k be z(6). What are the prime factors of (k + -24)/(-3) - 1?
2, 3
Let d(q) be the third derivative of 0*q + 0 - 1/60*q**5 - 1/3*q**4 + 2/3*q**3 + 3*q**2. What are the prime factors of d(-7)?
11
Let p be (-7 - -5)*(-7)/(-2). Let v(j) = -6*j + 2. What are the prime factors of v(p)?
2, 11
Let d = 46 - 27. What are the prime factors of d?
19
Let n(c) = -c - 4. Let z be n(-7). Suppose -3*v = -z*i + 12, 30 = 3*v - 7*v - 3*i. Let d = v + 19. List the prime factors of d.
13
Let q(s) = 2*s**2 - s. Let u be q(1). Let n(a) = -a**2 + 0*a + 10*a**3 + 2*a - a**3 - 1. List the prime factors of n(u).
3
Let f(u) = 2 - u + 0*u - 2 + 11*u**2. Let l be f(-1). Let c = l - 8. What are the prime factors of c?
2
Let t(j) = 4*j - 6. Let n be t(-6). Let s = n - -66. List the prime factors of s.
2, 3
Let l be (-4)/(1/2*-4). Suppose -18 = l*v - 4*v. What are the prime factors of v?
3
Suppose 5*q = n + 87, q - 3*q + 38 = -2*n. Suppose 3*v - q - 4 = 0. List the prime factors of v.
7
Let s(b) = -2*b**3 - 4*b**2 + 3. List the prime factors of s(-3).
3, 7
Suppose 3*w + 45 = 2*w. Let d be w/2*(-64)/40. Let b = d - 21. List the prime factors of b.
3, 5
Let a(c) = c**2 - 5*c + 2. Suppose -2*k - 3*n = 3*k - 16, 5*n + 30 = 3*k. Let o be a(k). Suppose -9 = -5*q + o*q. List the prime factors of q.
3
Suppose g = -0*g - 13. Let l = 19 + g. Suppose 2*d = 5*b + l, 5*d + 4*b = d + 40. What are the prime factors of d?
2
Let i = -8 - -57. List the prime factors of i.
7
Let w = 318 - 225. Suppose 0 = 5*p - m - w, -2*m + 31 = 3*p - 17. What are the prime factors of p?
2, 3
Let f(m) = -36*m + 1. Let r be f(-1). Let n = r + -17. What are the prime factors of n?
2, 5
Suppose -7 = -u - 0. Let f = u + 5. What are the prime factors of f?
2, 3
Let g = 16 - 31. What are the prime factors of (36/g)/(-4)*15?
3
Suppose -5*k - 245 = -5*u, 4*k = 2*u + k - 98. What are the prime factors of u?
7
Let a(g) = -6*g + 8. Let q be a(-6). Let x be ((-3)/(-6))/(2/q). Let z = -7 + x. List the prime factors of z.
2
Let w(k) = -k**2 + 12*k + 3. Let b(h) = -4*h - 4. Let t be b(-3). List the prime factors of w(t).
5, 7
Let s(f) be the second derivative of 10*f**3/3 + f**2/2 + f. What are the prime factors of s(1)?
3, 7
Let s = -12 - -12. Let n(v) = -v**2 - 5*v + 4. Let l be n(-3). Suppose -t + l = -m + 2*m, 3*t - 12 = s. List the prime factors of m.
2, 3
Let v(a) = a + 15. Let q(s) = -s**3 - 4*s**2 + 2*s + 4. Let l be q(-3). Let c be v(l). Let x = 7 - c. List the prime factors of x.
3
List the prime factors of 6441/33 + (20/11 - 2).
3, 5, 13
Suppose j = 2*r - 6*r + 94, 4*r - 86 = 3*j. What are the prime factors of r?
23
Suppose -78 + 213 = 3*k. Suppose -5*w + 2*w = -k. What are the prime factors of w?
3, 5
Let w be (-5)/(4/(-3 - 1)). Let l(y) = -y**2 + 9*y - 10. List the prime factors of l(w).
2, 5
Let l = 21 - 12. List the prime factors of ((-6)/2)/(l/(-30)).
2, 5
Suppose 5*b = -0*b + 30. Let m be (-3)/b - 11/2. Let w = 16 + m. What are the prime factors of w?
2, 5
Suppose 5 = -3*v + 8. Let x(k) = 14*k**2 - k. What are the prime factors of x(v)?
13
What are the prime factors of (-50)/(-3)*(-36)/(-15)?
2, 5
Let y(g) = g**2 + 8*g + 3. Let v be y(-8). Suppose 70 = -v*u + 5*u. List the prime factors of u.
5, 7
Let t(q) be the first derivative of q**3/3 + 11*q - 8. List the prime factors of t(0).
11
Suppose -4*c = -3*b + 103 + 19, c + 83 = 2*b. What are the prime factors of b?
2, 3, 7
Let b(f) be the third derivative of -f**6/30 + f**4/24 + f**3/6 - f**2. Let r be (0 + (-2)/(-4))*-2. List the prime factors of b(r).
2
Let w(z) = z + 5. Let s be w(0). Suppose -31 = -4*t + 25. Suppose -s*m + t = -26. What are the prime factors of m?
2
List the prime factors of (-1244)/(-8) + 6/(-12) + -4.
151
Let d be -4*((-25)/(-4) - 2). List the prime factors of (-3)/3 - (d + 2).
2, 7
Suppose -300 = -0*s - 5*s. List the prime factors of s.
2, 3, 5
Let y = 36 - 8. List the prime factors of y.
2, 7
Suppose -17*p + 18*p - 100 = 0. List the prime factors of p.
2, 5
Let f(n) = n**3 - 24*n**2 - 18*n + 7. List the prime factors of f(25).
2, 7, 13
Let d = 40 - 9. What are the prime factors of d?
31
Suppose 4*w + 3*p = 60, 2*w + 2*p = -3*p + 30. Let c = -7 + w. What are the prime factors of c?
2
Let h(i) be the third derivative of -i**5/60 + 5*i**4/12 - 7*i**3/6 - 5*i**2. Let d = 12 - 3. List the prime factors of h(d).
2
Let k = -45 - -14. Let u = k + 50. List the prime factors of u.
19
Suppose -f + 5*u = -60, -u - 154 = -3*f + 82. List the prime factors of f.
2, 5
Suppose 2*b = x - b - 32, 0 = 5*x + 5*b - 140. List the prime factors of x.
29
Suppose 4*d - 40 = 56. Let y = 37 - d. What are the prime factors of y?
13
Let p be 73/(-5) + (-10)/25. Let o = -4 - p. List the prime factors of o.
11
Let i be 48/(-10)*(-10)/3. Let h = i - 1. List the prime factors of h.
3, 5
Let i(m) = -m**3 + 10*m**2 - 9*m - 8. Suppose 0 = -l + 5*l + 2*j - 42, 5*j = 5*l - 15. What are the prime factors of i(l)?
2, 3
Suppose 3*k - y - 109 = 262, -361 = -3*k - y. What are the prime factors of k?
2, 61
Suppose -16*n + 21*n - 280 = 0. List the prime factors of n.
2, 7
Let i(x) = 3*x**2 - 9*x - 1. List the prime factors of i(-4).
83
Let n = -3 + 15. What are the prime factors of n?
2, 3
Suppose -4 = -3*i + i + 3*j, 0 = -j. Let k(h) = -h + 1. Let z be k(0). Let y = i + z. What are the prime factors of y?
3
Let l be (-165)/(2/4 + -2). Let a = l - 78. List the prime factors of a.
2
Let c(z) = z**3 + 2*z**2 - 3*z - 1. Let s be c(-3). Let p(h) = 2*h + 3. Let k(n) = n + 4. Let v(l) = 4*k(l) - 5*p(l). List the prime factors of v(s).
7
Let c(i) = 16*i - 33. What are the prime factors of c(10)?
127
Suppose -859 = -5*z - 144. List the prime factors of z.
11, 13
Let t(s) = s**2 + 6*s + 3. List the prime factors of t(-8).
19
What are the prime factors of 50*-5*(-2)/20?
5
Suppose -j + 40 = 4*b, 0 = -2*b - j + 5*j + 38. List the prime factors of b.
11
Suppose 0 = 2*m - 2, 4*n - 4*m + 292 = 1240. What are the prime factors of n?
2, 7, 17
Suppose t = 2*t - 5. Let m(x) = x**2 - 3*x - 6. Let v be m(t). List the prime factors of ((-2)/v)/((-3)/12).
2
Suppose -q - 7 = -2. List the prime factors of q/25 - 111/(-5).
2, 11
Let o(d) = 11 + d**2 - 3*d - 7*d - 3 + d. Let m = 26 + -17. What are the prime factors of o(m)?
2
Let n = 6 + 4. Suppose 0*h - 5*h + n = 0. List the prime factors of h.
2
Suppose -2*g + 72 = -0*h - h, 0 = 2*g + 4*h - 72. What are the prime factors of g?
2, 3
Let o be 18/(-24) - (-30)/8. Suppose 0*d + o*d = 33. List the prime factors of d.
11
Let l(b) = -5 - 5 + 0*b + 2*b + 2. Let m be l(6). Suppose -66 = -m*v - 14. List the prime factors of v.
13
Suppose 5*w - 221 = -j, -j - 2*j = 12. List the prime factors of w + (-4)/(-4) + -3.
43
Suppose 5*d - 3 - 22 = 0. Suppose -12 = -d*b + 3*u + 38, 4*u = 0. Suppose -3*z + b = -5. What are the prime factors of z?
5
Let v be 49/14 + (-1)/2. Suppose 0 = 2*n + 6, -2*p + 3*p + n = -8. List the prime factors of v/(-1) + p + 23.
3, 5
Let q(u) = 4*u**2 + 3*u - 4. Let a be 2/(-3 + (-20)/(-8)). List the prime factors of q(a).
2, 3
Suppose -5*f - 5